{"id":3740,"date":"2026-03-16T17:51:14","date_gmt":"2026-03-16T22:51:14","guid":{"rendered":"https:\/\/elrincondelquimico.com\/?post_type=product&#038;p=3740"},"modified":"2026-03-16T17:53:36","modified_gmt":"2026-03-16T22:53:36","slug":"diatomita-fertilizante-x-1-kg-insumos-quimicos-agroquimica","status":"publish","type":"product","link":"https:\/\/elrincondelquimico.com\/?product=diatomita-fertilizante-x-1-kg-insumos-quimicos-agroquimica","title":{"rendered":"DIATOMITA FERTILIZANTE X 1 KG &#8211; INSUMOS QUIMICOS &#8211; AGROQUIMICA"},"content":{"rendered":"<p>La\u00a0<strong>Diatomita<\/strong>\u00a0es un mineral de origen biogen\u00e9tico, son algas fosilizadas empleadas en agricultura para el control de ciertos insectos y algunos hongos, pues inhibe algunas de sus funciones b\u00e1sicas por su alto contenido de silicio.<\/p>\n<h2>La Diatomita o Tierra de Diatomea es un excelente fungicida y control para bacterias.<\/h2>\n<p><strong>Beneficios:<\/strong><\/p>\n<ul>\n<li>No afecta el ciclo de los insectos polinizadores<\/li>\n<li>Se puede aplicar en las hojas, no deja residuos<\/li>\n<li>Compatible con todo tipo de insecticidas qu\u00edmicos y org\u00e1nicos; as\u00ed como fungicidas, potenci\u00e1ndolos.<\/li>\n<li>Se puede aplicar en cualquier temporada y clima.<\/li>\n<\/ul>\n<p><strong>Caracter\u00edsticas F\u00edsicas y Qu\u00edmicas<\/strong>\u00a0Humedad: 4.5% Color Blanco pH 8,2 \u2013 9,2 Densidad aparente: 0.250gr\/cm3 Absorci\u00f3n de aceite 100 \u2013 150 ml\/100gr Peso espec\u00edfico 2,12<\/p>\n<p>Solicita informaci\u00f3n al 955462277 o al correo marmedinversiones@hotmail.com<\/p>\n<p>Im\u00e1genes referenciales, color de frasco var\u00eda dependiendo del tipo de producto.<\/p>\n<p>&nbsp;<\/p>\n","protected":false},"excerpt":{"rendered":"<p><strong>Presentaci\u00f3n x 5 KG: S\/190.00 INC IGV<\/strong><\/p>\n<p><strong>Presentaci\u00f3n x 25 KG: S\/340.00 INC IGV<\/strong><\/p>\n<p><a href=\"www.elrincodelquimico.com\" target=\"_blank\" rel=\"noopener\"><img decoding=\"async\" class=\"alignnone\" src=\"https:\/\/upload.wikimedia.org\/wikipedia\/commons\/thumb\/8\/87\/PDF_file_icon.svg\/330px-PDF_file_icon.svg.png\" alt=\"Archivo:PDF file icon.svg - Wikipedia, la enciclopedia libre\" width=\"23\" height=\"28\" \/><\/a> Ficha T\u00e9cnica<\/p>\n","protected":false},"featured_media":3724,"comment_status":"open","ping_status":"closed","template":"","meta":{"inline_featured_image":false},"product_brand":[],"product_cat":[336,335],"product_tag":[337,339,338],"class_list":{"0":"post-3740","1":"product","2":"type-product","3":"status-publish","4":"has-post-thumbnail","6":"product_cat-agroquimica","7":"product_cat-otros-2","8":"product_tag-insumos","9":"product_tag-peru","10":"product_tag-quimicos","12":"first","13":"instock","14":"shipping-taxable","15":"purchasable","16":"product-type-simple"},"blog_post_layout_featured_media_urls":{"thumbnail":["https:\/\/elrincondelquimico.com\/wp-content\/uploads\/2026\/03\/Sin-titulo-2-150x150.jpg",150,150,true],"full":["https:\/\/elrincondelquimico.com\/wp-content\/uploads\/2026\/03\/Sin-titulo-2.jpg",2027,2027,false]},"categories":null,"categories_names":null,"comments_number":"0","_links":{"self":[{"href":"https:\/\/elrincondelquimico.com\/index.php?rest_route=\/wp\/v2\/product\/3740","targetHints":{"allow":["GET"]}}],"collection":[{"href":"https:\/\/elrincondelquimico.com\/index.php?rest_route=\/wp\/v2\/product"}],"about":[{"href":"https:\/\/elrincondelquimico.com\/index.php?rest_route=\/wp\/v2\/types\/product"}],"replies":[{"embeddable":true,"href":"https:\/\/elrincondelquimico.com\/index.php?rest_route=%2Fwp%2Fv2%2Fcomments&post=3740"}],"wp:featuredmedia":[{"embeddable":true,"href":"https:\/\/elrincondelquimico.com\/index.php?rest_route=\/wp\/v2\/media\/3724"}],"wp:attachment":[{"href":"https:\/\/elrincondelquimico.com\/index.php?rest_route=%2Fwp%2Fv2%2Fmedia&parent=3740"}],"wp:term":[{"taxonomy":"product_brand","embeddable":true,"href":"https:\/\/elrincondelquimico.com\/index.php?rest_route=%2Fwp%2Fv2%2Fproduct_brand&post=3740"},{"taxonomy":"product_cat","embeddable":true,"href":"https:\/\/elrincondelquimico.com\/index.php?rest_route=%2Fwp%2Fv2%2Fproduct_cat&post=3740"},{"taxonomy":"product_tag","embeddable":true,"href":"https:\/\/elrincondelquimico.com\/index.php?rest_route=%2Fwp%2Fv2%2Fproduct_tag&post=3740"}],"curies":[{"name":"wp","href":"https:\/\/api.w.org\/{rel}","templated":true}]}}