{"id":3739,"date":"2026-03-16T17:45:52","date_gmt":"2026-03-16T22:45:52","guid":{"rendered":"https:\/\/elrincondelquimico.com\/?post_type=product&#038;p=3739"},"modified":"2026-03-16T17:48:57","modified_gmt":"2026-03-16T22:48:57","slug":"glutaraldehido-x-1-kg-insumos-quimicos-agroquimica","status":"publish","type":"product","link":"https:\/\/elrincondelquimico.com\/?product=glutaraldehido-x-1-kg-insumos-quimicos-agroquimica","title":{"rendered":"GLUTARALDEHIDO X 1 KG &#8211; INSUMOS QUIMICOS &#8211; AGROQUIMICA"},"content":{"rendered":"<p>El\u00a0<strong>Glutaraldehido 50%<\/strong>, es un compuesto qu\u00edmico de la familia de los aldeh\u00eddos, se caracteriza por ser un l\u00edquido oleaginoso habitualmente incoloro o levemente amarillento y con un olor acre dulz\u00f3n. Es soluble en agua y etanol, insoluble en cloroformo y \u00e9ter. No es estable en forma pura, por lo que generalmente se le encuentra en soluci\u00f3n mezclado con agua. Se caracteriza por tener propiedades virucidas, fungicidas y bactericidas. <strong>Usos y Aplicaciones del Producto<\/strong> Se usa como desinfectante de equipos m\u00e9dicos, odontol\u00f3gicos y de laboratorio. Tambi\u00e9n se usa como un agente fijador de tejidos en los laboratorios de histolog\u00eda y patolog\u00eda y como un agente de endurecimiento en el revelado de los rayos X. Asimismo es usado como agente curtidor en industria del cuero, en las operaciones de recuperaci\u00f3n de petr\u00f3leo y gas y limpieza de tuber\u00edas, en tratamiento de agua residual y limpieza de corrales de animales. Se usa en la fabricaci\u00f3n de papel, pesticidas, combustibles, pl\u00e1sticos, perfumes, entre otros.Se utiliza como conservante de amplio espectro, para la elaboraci\u00f3n de shampus, jabones l\u00edquidos, etc.\u00a0<strong>Caracter\u00edsticas F\u00edsicas y Qu\u00edmicas<\/strong>\u00a0Apariencia Incoloro Densidad 1,06 kg\/m\u00b3; 0,00106 g\/cm\u00b3 Masa molar 100,11 g\/mol Punto de fusi\u00f3n 259 K (\u221214 \u00b0C) Punto de ebullici\u00f3n 460 K (187 \u00b0C) Propiedades qu\u00edmicas Solubilidad en agua 100% a 20 \u00b0C<\/p>\n<p>Solicita informaci\u00f3n al 955462277 o al correo marmedinversiones@hotmail.com<\/p>\n<p>Im\u00e1genes referenciales, color de frasco var\u00eda dependiendo del tipo de producto.<\/p>\n<p>&nbsp;<\/p>\n","protected":false},"excerpt":{"rendered":"<p><strong>Presentaci\u00f3n x 4 KG: S\/412.00 INC IGV<\/strong><\/p>\n<p><a href=\"www.elrincodelquimico.com\" target=\"_blank\" rel=\"noopener\"><img decoding=\"async\" class=\"alignnone\" src=\"https:\/\/upload.wikimedia.org\/wikipedia\/commons\/thumb\/8\/87\/PDF_file_icon.svg\/330px-PDF_file_icon.svg.png\" alt=\"Archivo:PDF file icon.svg - Wikipedia, la enciclopedia libre\" width=\"23\" height=\"28\" \/><\/a> Ficha T\u00e9cnica<\/p>\n","protected":false},"featured_media":3724,"comment_status":"open","ping_status":"closed","template":"","meta":{"inline_featured_image":false},"product_brand":[],"product_cat":[336,335],"product_tag":[337,339,338],"class_list":{"0":"post-3739","1":"product","2":"type-product","3":"status-publish","4":"has-post-thumbnail","6":"product_cat-agroquimica","7":"product_cat-otros-2","8":"product_tag-insumos","9":"product_tag-peru","10":"product_tag-quimicos","12":"first","13":"instock","14":"shipping-taxable","15":"purchasable","16":"product-type-simple"},"blog_post_layout_featured_media_urls":{"thumbnail":["https:\/\/elrincondelquimico.com\/wp-content\/uploads\/2026\/03\/Sin-titulo-2-150x150.jpg",150,150,true],"full":["https:\/\/elrincondelquimico.com\/wp-content\/uploads\/2026\/03\/Sin-titulo-2.jpg",2027,2027,false]},"categories":null,"categories_names":null,"comments_number":"0","_links":{"self":[{"href":"https:\/\/elrincondelquimico.com\/index.php?rest_route=\/wp\/v2\/product\/3739","targetHints":{"allow":["GET"]}}],"collection":[{"href":"https:\/\/elrincondelquimico.com\/index.php?rest_route=\/wp\/v2\/product"}],"about":[{"href":"https:\/\/elrincondelquimico.com\/index.php?rest_route=\/wp\/v2\/types\/product"}],"replies":[{"embeddable":true,"href":"https:\/\/elrincondelquimico.com\/index.php?rest_route=%2Fwp%2Fv2%2Fcomments&post=3739"}],"wp:featuredmedia":[{"embeddable":true,"href":"https:\/\/elrincondelquimico.com\/index.php?rest_route=\/wp\/v2\/media\/3724"}],"wp:attachment":[{"href":"https:\/\/elrincondelquimico.com\/index.php?rest_route=%2Fwp%2Fv2%2Fmedia&parent=3739"}],"wp:term":[{"taxonomy":"product_brand","embeddable":true,"href":"https:\/\/elrincondelquimico.com\/index.php?rest_route=%2Fwp%2Fv2%2Fproduct_brand&post=3739"},{"taxonomy":"product_cat","embeddable":true,"href":"https:\/\/elrincondelquimico.com\/index.php?rest_route=%2Fwp%2Fv2%2Fproduct_cat&post=3739"},{"taxonomy":"product_tag","embeddable":true,"href":"https:\/\/elrincondelquimico.com\/index.php?rest_route=%2Fwp%2Fv2%2Fproduct_tag&post=3739"}],"curies":[{"name":"wp","href":"https:\/\/api.w.org\/{rel}","templated":true}]}}