{"id":2534,"date":"2025-05-28T00:49:58","date_gmt":"2025-05-28T05:49:58","guid":{"rendered":"https:\/\/elrincondelquimico.com\/?post_type=product&#038;p=2534"},"modified":"2025-08-16T10:59:01","modified_gmt":"2025-08-16T15:59:01","slug":"criobox-de-carton-de-81-posiciones-cod-80181-spl","status":"publish","type":"product","link":"https:\/\/elrincondelquimico.com\/?product=criobox-de-carton-de-81-posiciones-cod-80181-spl","title":{"rendered":"CRIOBOX DE CARTON DE 81 POSICIONES COD 80181 SPL"},"content":{"rendered":"<p>Las cajas criog\u00e9nicas son \u00fatiles para almacenar viales en entornos de temperatura ultrabaja.<\/p>\n<p>\u25aa Para almacenar tubos de microcentr\u00edfuga o crioviales<br \/>\n\u25aa Dise\u00f1adas para un mejor drenaje del nitr\u00f3geno l\u00edquido<br \/>\n\u25aa Indicaciones alfanum\u00e9ricas para la ubicaci\u00f3n de la muestra<br \/>\n\u25aa Rango de temperatura: -196 ~ +121 \u00b0C (N.\u00b0 de cat. 80025, 80081, 80281)<br \/>\n\u25aa 3 colores: azul, rosa, verde (N.\u00b0 de cat. 80025, 80081, 80281)<br \/>\n\u25aa Caja de cart\u00f3n: Recubrimiento repelente de humedad (N.\u00b0 de cat. 80181)<br \/>\n\u25aa N.\u00b0 de cat. 80025, 80081, 80181: Crioviales de 1,2 ml \/ 1,8 ml disponibles<br \/>\n\u25aa N.\u00b0 de cat. 80281: Solo para uso con crioviales de 5 ml<\/p>\n","protected":false},"excerpt":{"rendered":"<p>Ficha T\u00e9cnica <a href=\"https:\/\/elrincondelquimico.com\/wp-content\/uploads\/2025\/05\/TDS-SPL-Cryo-Box.pdf\" target=\"_blank\" rel=\"noopener\"><img decoding=\"async\" class=\"alignnone\" src=\"https:\/\/elrincondelquimico.com\/wp-content\/uploads\/2025\/05\/c03f3860-03eb-4c3b-a9b9-a3297dbc6078.png\" alt=\"Archivo:PDF file icon.svg - Wikipedia, la enciclopedia libre\" width=\"23\" height=\"28\" \/><\/a><\/p>\n","protected":false},"featured_media":2535,"comment_status":"open","ping_status":"closed","template":"","meta":{"inline_featured_image":false},"product_brand":[],"product_cat":[24,25],"product_tag":[298,223,95,222],"class_list":{"0":"post-2534","1":"product","2":"type-product","3":"status-publish","4":"has-post-thumbnail","6":"product_cat-material-de-laboratorio","7":"product_cat-spl","8":"product_tag-criobox","9":"product_tag-korea","10":"product_tag-plastico","11":"product_tag-spl","13":"first","14":"instock","15":"shipping-taxable","16":"purchasable","17":"product-type-simple"},"blog_post_layout_featured_media_urls":{"thumbnail":["https:\/\/elrincondelquimico.com\/wp-content\/uploads\/2025\/05\/FORMATO-SPL-4-150x150.png",150,150,true],"full":["https:\/\/elrincondelquimico.com\/wp-content\/uploads\/2025\/05\/FORMATO-SPL-4.png",1539,1539,false]},"categories":null,"categories_names":null,"comments_number":"0","_links":{"self":[{"href":"https:\/\/elrincondelquimico.com\/index.php?rest_route=\/wp\/v2\/product\/2534","targetHints":{"allow":["GET"]}}],"collection":[{"href":"https:\/\/elrincondelquimico.com\/index.php?rest_route=\/wp\/v2\/product"}],"about":[{"href":"https:\/\/elrincondelquimico.com\/index.php?rest_route=\/wp\/v2\/types\/product"}],"replies":[{"embeddable":true,"href":"https:\/\/elrincondelquimico.com\/index.php?rest_route=%2Fwp%2Fv2%2Fcomments&post=2534"}],"wp:featuredmedia":[{"embeddable":true,"href":"https:\/\/elrincondelquimico.com\/index.php?rest_route=\/wp\/v2\/media\/2535"}],"wp:attachment":[{"href":"https:\/\/elrincondelquimico.com\/index.php?rest_route=%2Fwp%2Fv2%2Fmedia&parent=2534"}],"wp:term":[{"taxonomy":"product_brand","embeddable":true,"href":"https:\/\/elrincondelquimico.com\/index.php?rest_route=%2Fwp%2Fv2%2Fproduct_brand&post=2534"},{"taxonomy":"product_cat","embeddable":true,"href":"https:\/\/elrincondelquimico.com\/index.php?rest_route=%2Fwp%2Fv2%2Fproduct_cat&post=2534"},{"taxonomy":"product_tag","embeddable":true,"href":"https:\/\/elrincondelquimico.com\/index.php?rest_route=%2Fwp%2Fv2%2Fproduct_tag&post=2534"}],"curies":[{"name":"wp","href":"https:\/\/api.w.org\/{rel}","templated":true}]}}