{"id":2084,"date":"2025-05-12T17:16:47","date_gmt":"2025-05-12T22:16:47","guid":{"rendered":"https:\/\/elrincondelquimico.com\/?post_type=product&#038;p=2084"},"modified":"2025-05-12T17:22:13","modified_gmt":"2025-05-12T22:22:13","slug":"pinza-para-termometro-de-30mm-cod-060-04-001-isolab","status":"publish","type":"product","link":"https:\/\/elrincondelquimico.com\/?product=pinza-para-termometro-de-30mm-cod-060-04-001-isolab","title":{"rendered":"PINZA PARA TERM\u00d3METRO DE 30MM COD 060.04.001 ISOLAB"},"content":{"rendered":"<p>Garant\u00eda la fijaci\u00f3n a la posici\u00f3n y a la ubicaci\u00f3n deseadas que el producto que mantiene el mecanismo de la cerradura del nivel.<br \/>\nLa cabeza de sujeci\u00f3n equipada de un arco el\u00e1stico garant\u00eda la instalaci\u00f3n y la extracci\u00f3n de los term\u00f3metros.<br \/>\nLas almohadillas de presi\u00f3n se pueden abrir y cerrar hasta 30 mm de di\u00e1metro.<\/p>\n<p>&nbsp;<\/p>\n","protected":false},"excerpt":{"rendered":"<p>Garant\u00eda la fijaci\u00f3n a la posici\u00f3n y a la ubicaci\u00f3n deseadas que el producto que mantiene el mecanismo de la cerradura del nivel. La cabeza de sujeci\u00f3n equipada de un arco el\u00e1stico garant\u00eda la instalaci\u00f3n y la extracci\u00f3n de los term\u00f3metros. Las almohadillas de presi\u00f3n se pueden abrir y cerrar hasta 30 mm de di\u00e1metro.<\/p>\n<div class=\"more-link\">\n\t\t\t\t <a href=\"https:\/\/elrincondelquimico.com\/?product=pinza-para-termometro-de-30mm-cod-060-04-001-isolab\" class=\"link-btn\"><span>Continue Leyendo <\/span><i class=\"icofont-thin-double-right\"><\/i><\/a>\n\t\t\t<\/div>\n","protected":false},"featured_media":2085,"comment_status":"open","ping_status":"closed","template":"","meta":{"inline_featured_image":false},"product_brand":[],"product_cat":[27,24,103],"product_tag":[62,63,241],"class_list":{"0":"post-2084","1":"product","2":"type-product","3":"status-publish","4":"has-post-thumbnail","6":"product_cat-isolab","7":"product_cat-material-de-laboratorio","8":"product_cat-otros","9":"product_tag-aleman","10":"product_tag-isolab","11":"product_tag-pinza","13":"first","14":"instock","15":"shipping-taxable","16":"purchasable","17":"product-type-simple"},"blog_post_layout_featured_media_urls":{"thumbnail":["https:\/\/elrincondelquimico.com\/wp-content\/uploads\/2025\/05\/FORMATO-ISOLAB-55-150x150.jpg",150,150,true],"full":["https:\/\/elrincondelquimico.com\/wp-content\/uploads\/2025\/05\/FORMATO-ISOLAB-55.jpg",1345,1338,false]},"categories":null,"categories_names":null,"comments_number":"0","_links":{"self":[{"href":"https:\/\/elrincondelquimico.com\/index.php?rest_route=\/wp\/v2\/product\/2084","targetHints":{"allow":["GET"]}}],"collection":[{"href":"https:\/\/elrincondelquimico.com\/index.php?rest_route=\/wp\/v2\/product"}],"about":[{"href":"https:\/\/elrincondelquimico.com\/index.php?rest_route=\/wp\/v2\/types\/product"}],"replies":[{"embeddable":true,"href":"https:\/\/elrincondelquimico.com\/index.php?rest_route=%2Fwp%2Fv2%2Fcomments&post=2084"}],"wp:featuredmedia":[{"embeddable":true,"href":"https:\/\/elrincondelquimico.com\/index.php?rest_route=\/wp\/v2\/media\/2085"}],"wp:attachment":[{"href":"https:\/\/elrincondelquimico.com\/index.php?rest_route=%2Fwp%2Fv2%2Fmedia&parent=2084"}],"wp:term":[{"taxonomy":"product_brand","embeddable":true,"href":"https:\/\/elrincondelquimico.com\/index.php?rest_route=%2Fwp%2Fv2%2Fproduct_brand&post=2084"},{"taxonomy":"product_cat","embeddable":true,"href":"https:\/\/elrincondelquimico.com\/index.php?rest_route=%2Fwp%2Fv2%2Fproduct_cat&post=2084"},{"taxonomy":"product_tag","embeddable":true,"href":"https:\/\/elrincondelquimico.com\/index.php?rest_route=%2Fwp%2Fv2%2Fproduct_tag&post=2084"}],"curies":[{"name":"wp","href":"https:\/\/api.w.org\/{rel}","templated":true}]}}