{"id":1975,"date":"2025-05-09T14:49:04","date_gmt":"2025-05-09T19:49:04","guid":{"rendered":"https:\/\/elrincondelquimico.com\/?post_type=product&#038;p=1975"},"modified":"2025-05-09T14:55:45","modified_gmt":"2025-05-09T19:55:45","slug":"microscopio-binocular-100x-cod-613-21-001-isolab","status":"publish","type":"product","link":"https:\/\/elrincondelquimico.com\/?product=microscopio-binocular-100x-cod-613-21-001-isolab","title":{"rendered":"MICROSCOPIO BINOCULAR 100X COD 613.21.001 ISOLAB"},"content":{"rendered":"<p>Es ideal para estudios acad\u00e9micos y cl\u00ednicos en biolog\u00eda, patologia, histolog\u00eda, y \u00e1reas similares de aplicaci\u00f3n<br \/>\nSu dise\u00f1o propio de ranura lente introspectiva, el \u00e1rea amplia de estudios proporciona facilidad de uso.<br \/>\nEquipado con binocular que la distancia de ocular es ajustable entre 50 mm y 75 mm con \u00c1ngulo de 30 y el giro de 360\u00b0<br \/>\nOcular con el campo amplio que est\u00e1 equipado con factor de crecimiento 10X, 20 mm de di\u00e1metros de lente proporciona la imagen neto y brillante.<br \/>\n4x, 10X, 40X y 100X planes con lentes acrom\u00e1ticas, proporcionan la imagen neto y brillante.<br \/>\nGarantiza contraste ideal con diafragma de iris, ranura de filtro NA 1,25 abbe condensador<br \/>\nEn los tama\u00f1os de 145&#215;140 mm, ida y vuelta de 76 mm y izquierda-derecha de 52 mm de compa\u00f1\u00eda operadora garantiza el uso facil.<br \/>\nEl bot\u00f3n de foco con la protecci\u00f3n superior proporciona la posibilidad de ajuste con las sensibilidades de 0,002 mm y grueso de 26 mm. En cada vuelta de bot\u00f3n de foco, hay ajuste sensible de grueso de 37,7 mm y delgado de 0,2 mm<br \/>\nEquipado con el fuente de poder que funciona entre 100 volt &#8211; 240 volt y fuente de la luz LED que es ajustable fuente de la luz fuerte y brillante.<\/p>\n<p>Se entrega con cubierta de protecci\u00f3n y aceite de inmersi\u00f3n.<\/p>\n","protected":false},"excerpt":{"rendered":"<p>Es ideal para estudios acad\u00e9micos y cl\u00ednicos en biolog\u00eda, patologia, histolog\u00eda, y \u00e1reas similares de aplicaci\u00f3n Su dise\u00f1o propio de ranura lente introspectiva, el \u00e1rea amplia de estudios proporciona facilidad de uso. Equipado con binocular que la distancia de ocular es ajustable entre 50 mm y 75 mm con \u00c1ngulo de 30 y el giro<\/p>\n<div class=\"more-link\">\n\t\t\t\t <a href=\"https:\/\/elrincondelquimico.com\/?product=microscopio-binocular-100x-cod-613-21-001-isolab\" class=\"link-btn\"><span>Continue Leyendo <\/span><i class=\"icofont-thin-double-right\"><\/i><\/a>\n\t\t\t<\/div>\n","protected":false},"featured_media":1976,"comment_status":"open","ping_status":"closed","template":"","meta":{"inline_featured_image":false},"product_brand":[],"product_cat":[30,183],"product_tag":[62,63,230],"class_list":{"0":"post-1975","1":"product","2":"type-product","3":"status-publish","4":"has-post-thumbnail","6":"product_cat-equipos-de-laboratorio","7":"product_cat-isolab-equipos-de-laboratorio","8":"product_tag-aleman","9":"product_tag-isolab","10":"product_tag-microscopio","12":"first","13":"instock","14":"shipping-taxable","15":"purchasable","16":"product-type-simple"},"blog_post_layout_featured_media_urls":{"thumbnail":["https:\/\/elrincondelquimico.com\/wp-content\/uploads\/2025\/05\/FORMATO-ISOLAB-27-150x150.jpg",150,150,true],"full":["https:\/\/elrincondelquimico.com\/wp-content\/uploads\/2025\/05\/FORMATO-ISOLAB-27.jpg",1338,1338,false]},"categories":null,"categories_names":null,"comments_number":"0","_links":{"self":[{"href":"https:\/\/elrincondelquimico.com\/index.php?rest_route=\/wp\/v2\/product\/1975","targetHints":{"allow":["GET"]}}],"collection":[{"href":"https:\/\/elrincondelquimico.com\/index.php?rest_route=\/wp\/v2\/product"}],"about":[{"href":"https:\/\/elrincondelquimico.com\/index.php?rest_route=\/wp\/v2\/types\/product"}],"replies":[{"embeddable":true,"href":"https:\/\/elrincondelquimico.com\/index.php?rest_route=%2Fwp%2Fv2%2Fcomments&post=1975"}],"wp:featuredmedia":[{"embeddable":true,"href":"https:\/\/elrincondelquimico.com\/index.php?rest_route=\/wp\/v2\/media\/1976"}],"wp:attachment":[{"href":"https:\/\/elrincondelquimico.com\/index.php?rest_route=%2Fwp%2Fv2%2Fmedia&parent=1975"}],"wp:term":[{"taxonomy":"product_brand","embeddable":true,"href":"https:\/\/elrincondelquimico.com\/index.php?rest_route=%2Fwp%2Fv2%2Fproduct_brand&post=1975"},{"taxonomy":"product_cat","embeddable":true,"href":"https:\/\/elrincondelquimico.com\/index.php?rest_route=%2Fwp%2Fv2%2Fproduct_cat&post=1975"},{"taxonomy":"product_tag","embeddable":true,"href":"https:\/\/elrincondelquimico.com\/index.php?rest_route=%2Fwp%2Fv2%2Fproduct_tag&post=1975"}],"curies":[{"name":"wp","href":"https:\/\/api.w.org\/{rel}","templated":true}]}}