{"id":1958,"date":"2025-05-09T12:53:00","date_gmt":"2025-05-09T17:53:00","guid":{"rendered":"https:\/\/elrincondelquimico.com\/?post_type=product&#038;p=1958"},"modified":"2025-05-09T13:00:04","modified_gmt":"2025-05-09T18:00:04","slug":"mechero-bunsen-tipo-fisher-meker-1700c-cod-050-01-003-isolab","status":"publish","type":"product","link":"https:\/\/elrincondelquimico.com\/?product=mechero-bunsen-tipo-fisher-meker-1700c-cod-050-01-003-isolab","title":{"rendered":"MECHERO BUNSEN TIPO FISHER (MEKER) 1700\u00b0C COD 050.01.003 ISOLAB"},"content":{"rendered":"<p>Se produce de acero inoxidable y lat\u00f3n cromado. Preferiblemente se usa donde se requiere mayor capacidad de calentamiento como a los 1700\u00b0C<br \/>\nDebido al dise\u00f1o compacto se pueden usar en los tr\u00edpodes de altura est\u00e1ndar.<br \/>\nSe puede utilizar con todos los gases como el gas neutro, gas butano y gas de carb\u00f3n.<br \/>\nEst\u00e1 destacado con un anillo de mando de velocidad de corriente de aire y gas que ofrece un control preciso de la llama de calentamiento muy lento y muy r\u00e1pido.<br \/>\nEl mecanismo de ajuste de la llama con sistema de tomillo garantiza el ajuste preciso.<\/p>\n","protected":false},"excerpt":{"rendered":"<p>Se produce de acero inoxidable y lat\u00f3n cromado. Preferiblemente se usa donde se requiere mayor capacidad de calentamiento como a los 1700\u00b0C Debido al dise\u00f1o compacto se pueden usar en los tr\u00edpodes de altura est\u00e1ndar. Se puede utilizar con todos los gases como el gas neutro, gas butano y gas de carb\u00f3n. Est\u00e1 destacado con<\/p>\n<div class=\"more-link\">\n\t\t\t\t <a href=\"https:\/\/elrincondelquimico.com\/?product=mechero-bunsen-tipo-fisher-meker-1700c-cod-050-01-003-isolab\" class=\"link-btn\"><span>Continue Leyendo <\/span><i class=\"icofont-thin-double-right\"><\/i><\/a>\n\t\t\t<\/div>\n","protected":false},"featured_media":1960,"comment_status":"open","ping_status":"closed","template":"","meta":{"inline_featured_image":false},"product_brand":[],"product_cat":[27,103],"product_tag":[62,228,63,226],"class_list":{"0":"post-1958","1":"product","2":"type-product","3":"status-publish","4":"has-post-thumbnail","6":"product_cat-isolab","7":"product_cat-otros","8":"product_tag-aleman","9":"product_tag-bunsen","10":"product_tag-isolab","11":"product_tag-mechero","13":"first","14":"instock","15":"shipping-taxable","16":"purchasable","17":"product-type-simple"},"blog_post_layout_featured_media_urls":{"thumbnail":["https:\/\/elrincondelquimico.com\/wp-content\/uploads\/2025\/05\/FORMATO-ISOLAB-24-150x150.jpg",150,150,true],"full":["https:\/\/elrincondelquimico.com\/wp-content\/uploads\/2025\/05\/FORMATO-ISOLAB-24.jpg",1338,1338,false]},"categories":null,"categories_names":null,"comments_number":"0","_links":{"self":[{"href":"https:\/\/elrincondelquimico.com\/index.php?rest_route=\/wp\/v2\/product\/1958","targetHints":{"allow":["GET"]}}],"collection":[{"href":"https:\/\/elrincondelquimico.com\/index.php?rest_route=\/wp\/v2\/product"}],"about":[{"href":"https:\/\/elrincondelquimico.com\/index.php?rest_route=\/wp\/v2\/types\/product"}],"replies":[{"embeddable":true,"href":"https:\/\/elrincondelquimico.com\/index.php?rest_route=%2Fwp%2Fv2%2Fcomments&post=1958"}],"wp:featuredmedia":[{"embeddable":true,"href":"https:\/\/elrincondelquimico.com\/index.php?rest_route=\/wp\/v2\/media\/1960"}],"wp:attachment":[{"href":"https:\/\/elrincondelquimico.com\/index.php?rest_route=%2Fwp%2Fv2%2Fmedia&parent=1958"}],"wp:term":[{"taxonomy":"product_brand","embeddable":true,"href":"https:\/\/elrincondelquimico.com\/index.php?rest_route=%2Fwp%2Fv2%2Fproduct_brand&post=1958"},{"taxonomy":"product_cat","embeddable":true,"href":"https:\/\/elrincondelquimico.com\/index.php?rest_route=%2Fwp%2Fv2%2Fproduct_cat&post=1958"},{"taxonomy":"product_tag","embeddable":true,"href":"https:\/\/elrincondelquimico.com\/index.php?rest_route=%2Fwp%2Fv2%2Fproduct_tag&post=1958"}],"curies":[{"name":"wp","href":"https:\/\/api.w.org\/{rel}","templated":true}]}}