{"id":1887,"date":"2025-05-05T17:48:54","date_gmt":"2025-05-05T22:48:54","guid":{"rendered":"https:\/\/elrincondelquimico.com\/?post_type=product&#038;p=1887"},"modified":"2025-05-05T17:53:35","modified_gmt":"2025-05-05T22:53:35","slug":"lupa-de-bolsillo-2x-cod-065-10-004-isolab","status":"publish","type":"product","link":"https:\/\/elrincondelquimico.com\/?product=lupa-de-bolsillo-2x-cod-065-10-004-isolab","title":{"rendered":"LUPA DE BOLSILLO 2X COD 065.10.004 ISOLAB"},"content":{"rendered":"<p>Lupa perfecta para leer letras peque\u00f1as con aumento de 2X.<br \/>\nSus 3 luces LED con control de encendido\/apagado proporcionan una iluminaci\u00f3n potente y brillante.<br \/>\nSu dise\u00f1o ergon\u00f3mico permite un movimiento intuitivo sobre el material de lectura. Se entrega en una bolsa protectora suave.<\/p>\n<p>CATALOGO: 60 x 145 mm<\/p>\n<p>DIMENSIONES EXTERNAS: 60 x 145 mm<\/p>\n<p>DIMENSIONES LENTE: 60 x 100 mm<\/p>\n<p>&nbsp;<\/p>\n<p>&nbsp;<\/p>\n","protected":false},"excerpt":{"rendered":"<p>Lupa perfecta para leer letras peque\u00f1as con aumento de 2X. Sus 3 luces LED con control de encendido\/apagado proporcionan una iluminaci\u00f3n potente y brillante. Su dise\u00f1o ergon\u00f3mico permite un movimiento intuitivo sobre el material de lectura. Se entrega en una bolsa protectora suave. CATALOGO: 60 x 145 mm DIMENSIONES EXTERNAS: 60 x 145 mm DIMENSIONES<\/p>\n<div class=\"more-link\">\n\t\t\t\t <a href=\"https:\/\/elrincondelquimico.com\/?product=lupa-de-bolsillo-2x-cod-065-10-004-isolab\" class=\"link-btn\"><span>Continue Leyendo <\/span><i class=\"icofont-thin-double-right\"><\/i><\/a>\n\t\t\t<\/div>\n","protected":false},"featured_media":1888,"comment_status":"open","ping_status":"closed","template":"","meta":{"inline_featured_image":false},"product_brand":[],"product_cat":[27,103],"product_tag":[62,63,219,81],"class_list":{"0":"post-1887","1":"product","2":"type-product","3":"status-publish","4":"has-post-thumbnail","6":"product_cat-isolab","7":"product_cat-otros","8":"product_tag-aleman","9":"product_tag-isolab","10":"product_tag-lupa","11":"product_tag-vidrio","13":"first","14":"instock","15":"shipping-taxable","16":"purchasable","17":"product-type-simple"},"blog_post_layout_featured_media_urls":{"thumbnail":["https:\/\/elrincondelquimico.com\/wp-content\/uploads\/2025\/05\/FORMATO-ISOLAB-12-150x150.jpg",150,150,true],"full":["https:\/\/elrincondelquimico.com\/wp-content\/uploads\/2025\/05\/FORMATO-ISOLAB-12.jpg",1338,1338,false]},"categories":null,"categories_names":null,"comments_number":"0","_links":{"self":[{"href":"https:\/\/elrincondelquimico.com\/index.php?rest_route=\/wp\/v2\/product\/1887","targetHints":{"allow":["GET"]}}],"collection":[{"href":"https:\/\/elrincondelquimico.com\/index.php?rest_route=\/wp\/v2\/product"}],"about":[{"href":"https:\/\/elrincondelquimico.com\/index.php?rest_route=\/wp\/v2\/types\/product"}],"replies":[{"embeddable":true,"href":"https:\/\/elrincondelquimico.com\/index.php?rest_route=%2Fwp%2Fv2%2Fcomments&post=1887"}],"wp:featuredmedia":[{"embeddable":true,"href":"https:\/\/elrincondelquimico.com\/index.php?rest_route=\/wp\/v2\/media\/1888"}],"wp:attachment":[{"href":"https:\/\/elrincondelquimico.com\/index.php?rest_route=%2Fwp%2Fv2%2Fmedia&parent=1887"}],"wp:term":[{"taxonomy":"product_brand","embeddable":true,"href":"https:\/\/elrincondelquimico.com\/index.php?rest_route=%2Fwp%2Fv2%2Fproduct_brand&post=1887"},{"taxonomy":"product_cat","embeddable":true,"href":"https:\/\/elrincondelquimico.com\/index.php?rest_route=%2Fwp%2Fv2%2Fproduct_cat&post=1887"},{"taxonomy":"product_tag","embeddable":true,"href":"https:\/\/elrincondelquimico.com\/index.php?rest_route=%2Fwp%2Fv2%2Fproduct_tag&post=1887"}],"curies":[{"name":"wp","href":"https:\/\/api.w.org\/{rel}","templated":true}]}}