{"id":1402,"date":"2025-01-17T12:37:06","date_gmt":"2025-01-17T17:37:06","guid":{"rendered":"https:\/\/elrincondelquimico.com\/?post_type=product&#038;p=1402"},"modified":"2025-01-17T12:38:54","modified_gmt":"2025-01-17T17:38:54","slug":"solucion-de-conductividad-1413-%c2%b5s-cm-500-ml-hi7031l","status":"publish","type":"product","link":"https:\/\/elrincondelquimico.com\/?product=solucion-de-conductividad-1413-%c2%b5s-cm-500-ml-hi7031l","title":{"rendered":"SOLUCION DE CONDUCTIVIDAD 1413 \u00b5S\/cm (500 ML) HI7031L"},"content":{"rendered":"<p>Soluciones de Calibraci\u00f3n para Conductividad.\u00a0Hanna instruments l\u00edder en la fabricaci\u00f3n de equipos electroanal\u00edticos ofrece a usted completa l\u00ednea de soluciones para calibraci\u00f3n de CE. Fabricadas con la m\u00e1s alta calidad contamos con soluciones en presentaciones para uso en campo de 20 mL y 500 mL. Soluciones certificadas y Acordes con FDA.<\/p>\n","protected":false},"excerpt":{"rendered":"<p>Soluciones de Calibraci\u00f3n para Conductividad.\u00a0Hanna instruments l\u00edder en la fabricaci\u00f3n de equipos electroanal\u00edticos ofrece a usted completa l\u00ednea de soluciones para calibraci\u00f3n de CE. Fabricadas con la m\u00e1s alta calidad contamos con soluciones en presentaciones para uso en campo de 20 mL y 500 mL. Soluciones certificadas y Acordes con FDA.<\/p>\n","protected":false},"featured_media":1403,"comment_status":"open","ping_status":"closed","template":"","meta":{"inline_featured_image":false},"product_brand":[],"product_cat":[149,21],"product_tag":[153,154,151,152],"class_list":{"0":"post-1402","1":"product","2":"type-product","3":"status-publish","4":"has-post-thumbnail","6":"product_cat-hanna","7":"product_cat-reactivos-de-laboratorio","8":"product_tag-calibrar","9":"product_tag-conductividad","10":"product_tag-hanna","11":"product_tag-solucion","13":"first","14":"instock","15":"shipping-taxable","16":"purchasable","17":"product-type-simple"},"blog_post_layout_featured_media_urls":{"thumbnail":["https:\/\/elrincondelquimico.com\/wp-content\/uploads\/2025\/01\/solucion-de-calibracion-de-ce-1413-500-ml-150x150.jpg",150,150,true],"full":["https:\/\/elrincondelquimico.com\/wp-content\/uploads\/2025\/01\/solucion-de-calibracion-de-ce-1413-500-ml.jpg",800,800,false]},"categories":null,"categories_names":null,"comments_number":"0","_links":{"self":[{"href":"https:\/\/elrincondelquimico.com\/index.php?rest_route=\/wp\/v2\/product\/1402","targetHints":{"allow":["GET"]}}],"collection":[{"href":"https:\/\/elrincondelquimico.com\/index.php?rest_route=\/wp\/v2\/product"}],"about":[{"href":"https:\/\/elrincondelquimico.com\/index.php?rest_route=\/wp\/v2\/types\/product"}],"replies":[{"embeddable":true,"href":"https:\/\/elrincondelquimico.com\/index.php?rest_route=%2Fwp%2Fv2%2Fcomments&post=1402"}],"wp:featuredmedia":[{"embeddable":true,"href":"https:\/\/elrincondelquimico.com\/index.php?rest_route=\/wp\/v2\/media\/1403"}],"wp:attachment":[{"href":"https:\/\/elrincondelquimico.com\/index.php?rest_route=%2Fwp%2Fv2%2Fmedia&parent=1402"}],"wp:term":[{"taxonomy":"product_brand","embeddable":true,"href":"https:\/\/elrincondelquimico.com\/index.php?rest_route=%2Fwp%2Fv2%2Fproduct_brand&post=1402"},{"taxonomy":"product_cat","embeddable":true,"href":"https:\/\/elrincondelquimico.com\/index.php?rest_route=%2Fwp%2Fv2%2Fproduct_cat&post=1402"},{"taxonomy":"product_tag","embeddable":true,"href":"https:\/\/elrincondelquimico.com\/index.php?rest_route=%2Fwp%2Fv2%2Fproduct_tag&post=1402"}],"curies":[{"name":"wp","href":"https:\/\/api.w.org\/{rel}","templated":true}]}}