{"id":1352,"date":"2024-12-26T08:56:43","date_gmt":"2024-12-26T13:56:43","guid":{"rendered":"https:\/\/elrincondelquimico.com\/?post_type=product&#038;p=1352"},"modified":"2024-12-26T08:59:52","modified_gmt":"2024-12-26T13:59:52","slug":"acesulfame-k-bolsa-x-1-kg-jinhe","status":"publish","type":"product","link":"https:\/\/elrincondelquimico.com\/?product=acesulfame-k-bolsa-x-1-kg-jinhe","title":{"rendered":"ACESULFAME K BOLSA X 1 KG JINHE"},"content":{"rendered":"<p>El acesulfame K (tambi\u00e9n conocido como acesulfame pot\u00e1sico) es otro edulcorante artificial utilizado ampliamente como sustituto del az\u00facar. Es casi 200 veces m\u00e1s dulce que el az\u00facar, lo que significa que se utiliza en cantidades muy peque\u00f1as para lograr el mismo nivel de dulzura<\/p>\n<p>&nbsp;<\/p>\n","protected":false},"excerpt":{"rendered":"<p>El acesulfame K (tambi\u00e9n conocido como acesulfame pot\u00e1sico) es otro edulcorante artificial utilizado ampliamente como sustituto del az\u00facar. Es casi 200 veces m\u00e1s dulce que el az\u00facar, lo que significa que se utiliza en cantidades muy peque\u00f1as para lograr el mismo nivel de dulzura &nbsp;<\/p>\n","protected":false},"featured_media":1353,"comment_status":"open","ping_status":"closed","template":"","meta":{"inline_featured_image":false},"product_brand":[],"product_cat":[124,21],"product_tag":[129,115,126,114,127],"class_list":{"0":"post-1352","1":"product","2":"type-product","3":"status-publish","4":"has-post-thumbnail","6":"product_cat-importado-reactivos-de-laboratorio","7":"product_cat-reactivos-de-laboratorio","8":"product_tag-acesulfame","9":"product_tag-chino","10":"product_tag-edulcorante","11":"product_tag-importado","12":"product_tag-reactivo","14":"first","15":"instock","16":"shipping-taxable","17":"purchasable","18":"product-type-simple"},"blog_post_layout_featured_media_urls":{"thumbnail":["https:\/\/elrincondelquimico.com\/wp-content\/uploads\/2024\/12\/Captura-de-pantalla-2024-12-26-085931-150x150.png",150,150,true],"full":["https:\/\/elrincondelquimico.com\/wp-content\/uploads\/2024\/12\/Captura-de-pantalla-2024-12-26-085931.png",479,460,false]},"categories":null,"categories_names":null,"comments_number":"0","_links":{"self":[{"href":"https:\/\/elrincondelquimico.com\/index.php?rest_route=\/wp\/v2\/product\/1352","targetHints":{"allow":["GET"]}}],"collection":[{"href":"https:\/\/elrincondelquimico.com\/index.php?rest_route=\/wp\/v2\/product"}],"about":[{"href":"https:\/\/elrincondelquimico.com\/index.php?rest_route=\/wp\/v2\/types\/product"}],"replies":[{"embeddable":true,"href":"https:\/\/elrincondelquimico.com\/index.php?rest_route=%2Fwp%2Fv2%2Fcomments&post=1352"}],"wp:featuredmedia":[{"embeddable":true,"href":"https:\/\/elrincondelquimico.com\/index.php?rest_route=\/wp\/v2\/media\/1353"}],"wp:attachment":[{"href":"https:\/\/elrincondelquimico.com\/index.php?rest_route=%2Fwp%2Fv2%2Fmedia&parent=1352"}],"wp:term":[{"taxonomy":"product_brand","embeddable":true,"href":"https:\/\/elrincondelquimico.com\/index.php?rest_route=%2Fwp%2Fv2%2Fproduct_brand&post=1352"},{"taxonomy":"product_cat","embeddable":true,"href":"https:\/\/elrincondelquimico.com\/index.php?rest_route=%2Fwp%2Fv2%2Fproduct_cat&post=1352"},{"taxonomy":"product_tag","embeddable":true,"href":"https:\/\/elrincondelquimico.com\/index.php?rest_route=%2Fwp%2Fv2%2Fproduct_tag&post=1352"}],"curies":[{"name":"wp","href":"https:\/\/api.w.org\/{rel}","templated":true}]}}