{"id":1220,"date":"2024-12-20T00:17:26","date_gmt":"2024-12-20T05:17:26","guid":{"rendered":"https:\/\/elrincondelquimico.com\/?post_type=product&#038;p=1220"},"modified":"2024-12-20T00:17:57","modified_gmt":"2024-12-20T05:17:57","slug":"cartucho-para-gases-y-vapores-organicos-serie-6006-3m","status":"publish","type":"product","link":"https:\/\/elrincondelquimico.com\/?product=cartucho-para-gases-y-vapores-organicos-serie-6006-3m","title":{"rendered":"CARTUCHO PARA GASES Y VAPORES ORGANICOS SERIE 6006 3M"},"content":{"rendered":"<p>El cartucho 6006 ofrece protecci\u00f3n respiratoria contra varios contaminantes, como ciertos vapores org\u00e1nicos, cloro, cloruro de hidr\u00f3geno, di\u00f3xido de azufre, di\u00f3xido de cloro, sulfuro de hidr\u00f3geno, amoniaco, metilamina, formaldeh\u00eddo y fluoruro de hidr\u00f3geno. Proporciona una protecci\u00f3n efectiva en concentraciones de hasta 10 veces el l\u00edmite de exposici\u00f3n permisible (PEL) con respiradores de media pieza facial y hasta 50 veces el PEL con respiradores de pieza facial completa.<\/p>\n","protected":false},"excerpt":{"rendered":"<p>El cartucho 6006 ofrece protecci\u00f3n respiratoria contra varios contaminantes, como ciertos vapores org\u00e1nicos, cloro, cloruro de hidr\u00f3geno, di\u00f3xido de azufre, di\u00f3xido de cloro, sulfuro de hidr\u00f3geno, amoniaco, metilamina, formaldeh\u00eddo y fluoruro de hidr\u00f3geno. Proporciona una protecci\u00f3n efectiva en concentraciones de hasta 10 veces el l\u00edmite de exposici\u00f3n permisible (PEL) con respiradores de media pieza facial<\/p>\n<div class=\"more-link\">\n\t\t\t\t <a href=\"https:\/\/elrincondelquimico.com\/?product=cartucho-para-gases-y-vapores-organicos-serie-6006-3m\" class=\"link-btn\"><span>Continue Leyendo <\/span><i class=\"icofont-thin-double-right\"><\/i><\/a>\n\t\t\t<\/div>\n","protected":false},"featured_media":1221,"comment_status":"open","ping_status":"closed","template":"","meta":{"inline_featured_image":false},"product_brand":[],"product_cat":[40],"product_tag":[44,77,53,78],"class_list":{"0":"post-1220","1":"product","2":"type-product","3":"status-publish","4":"has-post-thumbnail","6":"product_cat-3m","7":"product_tag-3m","8":"product_tag-cartuchos","9":"product_tag-filtros","10":"product_tag-gases","12":"first","13":"instock","14":"shipping-taxable","15":"purchasable","16":"product-type-simple"},"blog_post_layout_featured_media_urls":{"thumbnail":["https:\/\/elrincondelquimico.com\/wp-content\/uploads\/2024\/12\/CMU60-150x150.jpg",150,150,true],"full":["https:\/\/elrincondelquimico.com\/wp-content\/uploads\/2024\/12\/CMU60.jpg",500,500,false]},"categories":null,"categories_names":null,"comments_number":"0","_links":{"self":[{"href":"https:\/\/elrincondelquimico.com\/index.php?rest_route=\/wp\/v2\/product\/1220","targetHints":{"allow":["GET"]}}],"collection":[{"href":"https:\/\/elrincondelquimico.com\/index.php?rest_route=\/wp\/v2\/product"}],"about":[{"href":"https:\/\/elrincondelquimico.com\/index.php?rest_route=\/wp\/v2\/types\/product"}],"replies":[{"embeddable":true,"href":"https:\/\/elrincondelquimico.com\/index.php?rest_route=%2Fwp%2Fv2%2Fcomments&post=1220"}],"wp:featuredmedia":[{"embeddable":true,"href":"https:\/\/elrincondelquimico.com\/index.php?rest_route=\/wp\/v2\/media\/1221"}],"wp:attachment":[{"href":"https:\/\/elrincondelquimico.com\/index.php?rest_route=%2Fwp%2Fv2%2Fmedia&parent=1220"}],"wp:term":[{"taxonomy":"product_brand","embeddable":true,"href":"https:\/\/elrincondelquimico.com\/index.php?rest_route=%2Fwp%2Fv2%2Fproduct_brand&post=1220"},{"taxonomy":"product_cat","embeddable":true,"href":"https:\/\/elrincondelquimico.com\/index.php?rest_route=%2Fwp%2Fv2%2Fproduct_cat&post=1220"},{"taxonomy":"product_tag","embeddable":true,"href":"https:\/\/elrincondelquimico.com\/index.php?rest_route=%2Fwp%2Fv2%2Fproduct_tag&post=1220"}],"curies":[{"name":"wp","href":"https:\/\/api.w.org\/{rel}","templated":true}]}}